 List the prime factors of n.
2, 5
Let x be 15/(-6)*16/(-10). Let y = x + -5. Let j = y + 9. List the prime factors of j.
2
Suppose -i = -5*r + 506, -4*r + 2*i + 388 = -3*i. Suppose -2*u + 4*p - 24 = -r, p = 5*u - 186. List the prime factors of u.
37
Suppose g + 2*z - 21 = 0, -4*g - z = 2*z - 59. What are the prime factors of g?
11
Let q be 4/2*1 - -11. Let h = 2 - 0. Suppose h*l = l + q. What are the prime factors of l?
13
Let k = -4 - -6. Let m = -1 + k. What are the prime factors of (2 - m) + (-8)/(-1)?
3
Let g(d) = -5*d - 5. Let h be g(-2). Let o(y) = y**3 - 2*y**2 - 5*y - 4. List the prime factors of o(h).
2, 23
Suppose -4 = -a, -5*i + 1155 - 250 = -5*a. What are the prime factors of i?
5, 37
Suppose 2*o = 5*o - 9. List the prime factors of (-91)/(-3) + 2/o.
31
Suppose 3*n + 10 - 31 = 0. Let u(i) = 13*i - 21. Let q(c) = -6*c + 10. Let o(t) = -9*q(t) - 4*u(t). What are the prime factors of o(n)?
2
Suppose 0 = 17*p - 14*p - 204. List the prime factors of p.
2, 17
Let d be (136/(-28) + 4)*-7. Suppose -80 = -d*r + 2*r. What are the prime factors of r?
2, 5
Let u = 7 + -4. Suppose 0 = -2*g + 10, -7*l + 3*g = -u*l - 1. Suppose l*a + 3 = d, 4*a + 2 = 6. What are the prime factors of d?
7
Let z = 9 - 9. Let k(d) = d**3 + d**2 - d + 5. What are the prime factors of k(z)?
5
Suppose 6*d + 4*a = d + 577, 2*d - 4*a = 214. List the prime factors of d.
113
Suppose 0 = -4*g + 4*t + 168, 0*t = 4*g - t - 168. What are the prime factors of g?
2, 3, 7
Let r = 47 + 4. What are the prime factors of r?
3, 17
Let c = 619 + -439. Suppose c = 4*y + 32. What are the prime factors of y?
37
Suppose -4*w = -w. Suppose 3*y + w*y = 72. What are the prime factors of y?
2, 3
Suppose -163 = -3*v + 2*r, -4*v + 0*r - 3*r + 206 = 0. What are the prime factors of v?
53
Let w(v) = v**3 - 2*v**2 - 5*v - 3. What are the prime factors of w(5)?
47
Let t = 3 + 2. Suppose -t*n = -95 - 115. List the prime factors of n.
2, 3, 7
Suppose 3*f = 11*f - 1144. What are the prime factors of f?
11, 13
Let l(f) = 25 + f**2 - 14 + 3*f - 2*f. List the prime factors of l(5).
41
Let t(g) be the third derivative of -g**6/120 + g**5/10 - g**4/24 + 2*g**3/3 + g**2. Let l be t(6). List the prime factors of -3 - l - -15 - 2.
2, 3
Let q = 56 - 22. What are the prime factors of q?
2, 17
Let v = -19 + 21. List the prime factors of (3/v)/((-9)/(-282)).
47
Suppose -3*h - 2*k = -73, 2*h + 62 = 4*h - 2*k. What are the prime factors of h?
3
Let b(d) = 5*d**3 + 2*d**2 + 3*d + 2. List the prime factors of b(3).
2, 41
Suppose -2*i = 5*f - 373, -2*i + 5*f + 413 = 2*f. List the prime factors of i.
199
Suppose -t + 0*o - 5*o - 18 = 0, 14 = -3*t - 5*o. Suppose 6 = t*r - 0. List the prime factors of r.
3
Suppose -3*u + 18 = -387. List the prime factors of u.
3, 5
Let x(c) = -c**3 + 7*c**2 - 2*c - 9. List the prime factors of x(5).
31
Let r be 12*(21/2)/7. Suppose 66 = 3*w - r. What are the prime factors of w?
2, 7
Let y(o) = o**2 + 5*o + 4. Let k be y(-5). Let v be (-4)/8 + 2/k. Suppose -5*r + 10 = -v*r. List the prime factors of r.
2
Let u(f) = f - 1. Let s be u(7). Let k be s/(-8)*(3 + 1). Let c = 5 + k. List the prime factors of c.
2
Let d(u) = -2*u + 1. Let m(o) = 4*o - 3. Let t(r) = -5*d(r) - 2*m(r). Suppose -5*k + 22 = -13. List the prime factors of t(k).
3, 5
Suppose -7*h - 2*a = -12*h + 498, -3*a = 3*h - 303. What are the prime factors of h?
2, 5
Let i(n) = n**3 + 3*n + 12*n**2 - 2*n + 0 - 5 - 5*n. List the prime factors of i(-12).
43
Let o = -8 + 11. Suppose -2*w = b - 2, -2*w = 5*b - 8 - 10. Suppose o*j + 4 = b*j. List the prime factors of j.
2
Suppose 0 = h + f - 57, 4*h + 5*f + 33 = 5*h. List the prime factors of h.
53
Suppose -4*y + 5*j + 0*j = -170, -y + 46 = -3*j. List the prime factors of y.
2, 5
Let o(c) = 3*c**2 + 2*c - 13. List the prime factors of o(-7).
2, 3, 5
Let q = 4 - 1. Suppose x - 2 - q = 0. List the prime factors of x.
5
Let t be (1 + 0/1)*3. Suppose -12 = 2*b + 5*i, -6*i - 32 = -5*b - t*i. What are the prime factors of 9/2 + 2/b?
5
Suppose 0 = -5*y + 41 + 9. Let m = 6 + y. Suppose 2*k = -3*a + m, -4*a + 9*a - 5*k + 15 = 0. What are the prime factors of a?
2
Let h(j) = -5*j + 39. What are the prime factors of h(-12)?
3, 11
Suppose 3*y - 19 = -0*y - 2*k, 4*y + k - 22 = 0. What are the prime factors of y?
5
Let t = -8 + 11. Suppose -y = 2*w + w + 2, -t*y = 6. Let o = 3 - w. What are the prime factors of o?
3
Let v(o) be the second derivative of -2*o**3/3 + 2*o**2 + o. Let b be v(-9). Suppose -8*u + 4*u = -b. What are the prime factors of u?
2, 5
Suppose -4*u = -4*g - 4, -4*u = 3*g + g - 36. Suppose -g*a = 5*l - 4*l - 65, -3*l + 42 = 3*a. List the prime factors of a.
17
Let y be (10*-1)/(8/(-48)). Let p = y - 41. What are the prime factors of p?
19
Suppose 0 = 4*x + v + 223, -5*x = -5*v - 13 + 323. Let q = x - -90. List the prime factors of q.
3, 11
List the prime factors of (126 - 3) + -7 + 4.
2, 3, 5
Let b(o) = -10*o**3. Let q be b(1). What are the prime factors of (-6)/15 - 74/q?
7
Let a = 14 + -14. Let h(l) = 2*l + 32. What are the prime factors of h(a)?
2
List the prime factors of 133/21 - ((-30)/(-9) - 3).
2, 3
Suppose 0 = 3*z - 11 - 19. List the prime factors of z.
2, 5
Let d = 152 + -105. List the prime factors of d.
47
List the prime factors of 2*(-15)/(-10)*19.
3, 19
Let r be -1*2/(-3 - -1). Suppose -3*a = 2*q + 2*a - 25, a = r. What are the prime factors of q?
2, 5
Let l(t) be the first derivative of -11*t**2/2 - 2*t + 7. What are the prime factors of l(-3)?
31
Let d(k) = -2*k**3 + 10 + 2*k**3 + k**3 - 3 + k - 3*k**2. List the prime factors of d(4).
3
Suppose -5*i = -251 - 104. List the prime factors of i.
71
Suppose 0 = 5*i - 4*w - w - 25, -5*i = -4*w - 25. Let t = 20 - -4. Suppose 3*c - i*c = -t. List the prime factors of c.
2, 3
Let y(i) = -i + 2. Let x be y(-5). List the prime factors of -3 + (-3)/(-1) + x.
7
Let j be 3/(-6)*(-1 + -7). Let t = -4 + j. Let s = t - -3. List the prime factors of s.
3
List the prime factors of (-7080)/48*(-8)/10.
2, 59
Let a be (-57)/(-21) - (-2)/7. Let u(n) = n**2 - 2*n + 3. What are the prime factors of u(a)?
2, 3
Let r = 10 - 7. Suppose -4 = -k - d, 4 = -r*d - 2. What are the prime factors of k?
2, 3
Let z(y) = -y**3 - 13*y**2 - 15*y + 13. What are the prime factors of z(-12)?
7
Suppose -4*k + 32 - 8 = 0. Let h(l) = -l**3 + 5*l**2 + 6*l + 5. What are the prime factors of h(k)?
5
Let c(x) = -x**3 - 12*x**2 - 6*x + 12. Let z be c(-11). Let u = -31 - z. List the prime factors of u.
2, 3
Suppose -o - 4*f + 46 = 0, -f + 148 + 21 = 4*o. List the prime factors of o.
2, 3, 7
Let n(o) = 2*o - 6. Let a be n(4). Suppose 2*f - a*p - 2*p = 108, -5*p - 107 = -2*f. List the prime factors of f.
2, 7
List the prime factors of 110/7 + (-14)/(-49).
2
Let v be 3*(8/(-6) + 2). Suppose -v*i + 33 = i. List the prime factors of i.
11
Let a(i) = -i**2 + 10*i - 3. Let s be a(8). Let m be 3 + -6 + 3 + 19. Suppose 2*p - s = -3*b, -2*p - 5*b = -0*b - m. What are the prime factors of p?
2
Suppose 4*k + 102 = 2*l, 0 = l + l - 5*k - 105. Suppose v - l = 5*z, -5 = 5*z - 0*z. List the prime factors of v.
2, 5
List the prime factors of -1 - 4/(12/(-81)).
2, 13
Let i be 4/(-10) + 234/(-15). Let g = i + 8. Let s = 5 - g. List the prime factors of s.
13
Suppose -4*p = 4*t + 136, 0 = 5*t - p - 7 + 189. Let b = t - -79. Suppose w - 1 - 6 = -u, -3*w - b = -5*u. List the prime factors of u.
2
Let j be (3 + -4)/(2/2). Let u be (j - 9/(-4))*4. Suppose 3*o = -q - o + 9, -5 = u*o. What are the prime factors of q?
13
Suppose 0 = -d - 2*v + 64, v - 268 = -4*d - 4*v. List the prime factors of d.
2, 3
What are the prime factors of -3 + 4 + 70/2?
2, 3
Let t = -223 + 329. List the prime factors of t.
2, 53
Let u(s) = s + 1. Let n be u(-13). List the prime factors of n/54 - (-47)/9.
5
Let k = 209 - 122. List the prime factors of k.
3, 29
Let s(v) = -1 - v**3 + 3*v - 2*v**2 - 4*v**2 + 3*v. What are the prime factors of s(-7)?
2, 3
Suppose -3*s = z - 24, 4*s = 3*z + 13 + 6. Suppose w - 20 = -4*q, 0 = -3*w + 2*q - 3 + s. What are the prime factors of (-3)/(-2) + 2/w?
2
Let b be 4/18 - 114/27. Let y be (8/(-10))/(b/20). Suppose 11 + 25 = y*x. What are the prime factors of x?
3
Let l be 2*(-2 + (-3)/6). Let j(v) = -4*v + 11. What are the prime factors of j(l)?
31
Let w = 53 - -8. List the prime fac